
Let c(z) = z**3 - z**2 + z - 12. Calculate c(0).
-12
Let a(w) = -2*w**3 + 3*w + 2. Give a(-2).
12
Let k(y) = y**3 + 16*y**2 + 65*y + 8. Calculate k(-7).
-6
Let n(r) = -56*r - 289. What is n(-5)?
-9
Let x(j) = 8*j - 6. Determine x(2).
10
Let j(g) = -g**2 - 26*g + 186. Give j(-32).
-6
Let p(i) = -i**3 + 7*i**2 - 52*i + 126. Give p(3).
6
Let k(v) = v**2 - 3*v + 12. What is k(0)?
12
Let q(h) = -h**3 - 9*h**2 + 8*h + 18. Give q(-8).
-110
Let t(v) = v**3 - 23*v**2 + 27*v + 13. Give t(22).
123
Let z(x) = -51*x**2 - 4*x + 2. Give z(1).
-53
Let b(r) = -r - 12. Determine b(10).
-22
Let m(p) = -p**3 + 5*p**2 - 2*p + 9. What is m(6)?
-39
Let n(u) = -u**2 - 12*u + 3. What is n(-14)?
-25
Let d(a) = 7*a - 65. What is d(11)?
12
Let k(g) = -g + 19. Calculate k(21).
-2
Let c(b) = 6*b**3 + 2*b**2 - 2*b + 1. Calculate c(1).
7
Let y(x) = -x**3 - 10*x**2 - 3*x - 31. What is y(-10)?
-1
Let n(k) = 6*k + 12. Calculate n(5).
42
Let t(w) = -w**2 - 10*w - 12. Determine t(-6).
12
Let w(l) = -l**2 + 6*l + 4. Determine w(6).
4
Let m(x) = 23*x + 111. What is m(-8)?
-73
Let a(l) = l**2 - 25*l + 36. Give a(23).
-10
Let s(l) = -l**3 - 2*l**2 - 2. Determine s(2).
-18
Let b(u) = 5*u - 14. What is b(-5)?
-39
Let j(g) = g**3 - g**2 - g + 8. Determine j(0).
8
Let b(u) = 7*u**2 - 5*u + 5. Calculate b(1).
7
Let g(h) = 516*h - 2578. What is g(5)?
2
Let x(l) = -2*l**2 + 14*l - 30. Give x(7).
-30
Let y(w) = w**2 + 10*w - 30. What is y(-12)?
-6
Let k(s) = 2*s**2 - 24*s + 9. Give k(12).
9
Let o(z) = -z**2 - 15*z - 39. Determine o(-2).
-13
Let t(d) = 4*d + 39. Calculate t(-10).
-1
Let r(h) = h**2 + h + 58. Calculate r(0).
58
Let d(u) = 2*u**3 - 5*u**2 + 5*u + 4. What is d(4)?
72
Let l(c) = -2*c - 21. What is l(-8)?
-5
Let h(q) = -41*q**3 - 1. What is h(-1)?
40
Let g(c) = 6*c**3 - c. What is g(1)?
5
Let i(q) = q**2 - 35*q + 166. Determine i(6).
-8
Let n(x) = -x**2 - 9*x + 57. Give n(-13).
5
Let a(s) = s**3 - 6*s**2 + 6*s + 2. What is a(2)?
-2
Let x(p) = 26*p**2 + 1. Give x(1).
27
Let t(b) = -b**2 - 4*b + 21. Give t(3).
0
Let n(y) = -15*y**2 - 5*y + 5. Determine n(2).
-65
Let z(s) = -s**3 - 21*s**2 - 19*s + 18. Determine z(-20).
-2
Let s(f) = 2*f**2 + 4*f - 196. What is s(9)?
2
Let o(k) = k**3 + 6*k**2 + 2*k + 8. Determine o(-8).
-136
Let l(w) = -2*w**3 - 16*w**2. Determine l(-8).
0
Let g(y) = -14*y - 17. Calculate g(0).
-17
Let n(w) = w**3 + 4*w**2 - 9*w + 12. Determine n(-6).
-6
Let a(p) = 2*p**2 + 8*p - 5. Determine a(-6).
19
Let j(i) = 5*i + 16. Give j(10).
66
Let x(p) = 2*p**2 - 47*p - 12. What is x(24)?
12
Let j(r) = -137*r**3 - r**2 + 1. Determine j(-1).
137
Let c(h) = h**3 - 9*h**2 - 9*h + 7. Give c(10).
17
Let c(v) = -2*v + 23. What is c(7)?
9
Let j(s) = 13*s**2 - 3*s. Calculate j(2).
46
Let d(m) = m**3 - 2*m**2 - 27*m + 4. What is d(-4)?
16
Let y(h) = 29*h + 574. Calculate y(-20).
-6
Let c(z) = -49*z + 8. What is c(1)?
-41
Let p(q) = -q**3 - 6*q**2 - 4*q - 8. Calculate p(-4).
-24
Let o(i) = i**3 + 2*i**2 - i. Give o(1).
2
Let o(q) = q**3 + 19*q**2 + 19*q + 10. Calculate o(-18).
-8
Let f(t) = t**3 + t**2 - 6*t + 24. Give f(-4).
0
Let t(y) = 2*y**3 - y**2. What is t(-1)?
-3
Let s(g) = -g**2 + g - 43. Determine s(0).
-43
Let o(h) = h + 2. Determine o(-2).
0
Let p(v) = 3*v**2 + 76*v - 37. What is p(-26)?
15
Let s(c) = -3*c + 32. Determine s(12).
-4
Let y(r) = -r**3 + 6*r**2 + 4*r + 11. Calculate y(7).
-10
Let f(j) = 5*j**2 + j + 10. Determine f(0).
10
Let x(y) = -y**3 + 10*y**2 + 9*y + 27. What is x(11)?
5
Let y(a) = a - 16. Calculate y(27).
11
Let g(a) = -5*a + 4. Calculate g(5).
-21
Let y(m) = m**2 - m - 2. Calculate y(-4).
18
Let o(p) = -10*p - 10. What is o(9)?
-100
Let j(f) = f**3 - 13*f**2 + 32*f + 3. Give j(10).
23
Let n(c) = -c**2 + 16*c + 31. Give n(16).
31
Let l(o) = o**2 - 14*o + 5. What is l(12)?
-19
Let a(r) = r**3 - 8*r**2 + 6*r + 24. Calculate a(6).
-12
Let c(k) = k**3 + 5*k**2 - 2*k - 3. Determine c(-5).
7
Let a(i) = -2*i**3 - i**2 - 5*i - 5. Calculate a(-2).
17
Let g(u) = -u**2 - 17*u + 917. What is g(-40)?
-3
Let f(c) = -c**3 - 9*c**2 + 7*c - 10. Give f(-10).
20
Let n(l) = -3*l + 2. Determine n(-3).
11
Let s(a) = -a**3 - 3*a**2 + 3*a + 4. Calculate s(-4).
8
Let j(f) = -f**2 + 3*f + 6. Calculate j(0).
6
Let m(z) = 3*z**2 + 19*z - 9. Calculate m(-7).
5
Let n(x) = x - 7. What is n(2)?
-5
Let t(d) = -d**2 - 27*d - 24. What is t(-26)?
2
Let g(u) = 25*u + 42. Determine g(0).
42
Let k(q) = -q**2 - 24*q - 70. What is k(-20)?
10
Let k(w) = -w**3 - 16*w**2 + 2*w + 36. Give k(-16).
4
Let x(d) = 3*d**2 - 34*d + 4. Give x(11).
-7
Let p(q) = q**3 - 2*q**2 - 11*q - 8. Give p(5).
12
Let x(o) = -o**2 - 4*o + 5. Give x(2).
-7
Let u(n) = -5*n**3 + 5*n + 5. What is u(-2)?
35
Let r(i) = i**2 + 7*i + 1. Determine r(-2).
-9
Let h(s) = -s**2 + 5*s - 6. What is h(4)?
-2
Let y(d) = -d**3 + 5*d**2 - 2*d + 6. Determine y(5).
-4
Let q(x) = -x**3 - 2*x**2 + 3*x + 5. Determine q(-2).
-1
Let m(w) = w + 17. What is m(-12)?
5
Let u(z) = -z - 12. Determine u(6).
-18
Let w(j) = j**3 + 13*j**2 + 9*j - 34. Calculate w(-12).
2
Let p(y) = -2*y + 32. Determine p(8).
16
Let s(t) = -7*t - 15. Calculate s(-17).
104
Let s(h) = -h**3 - 3*h**2 + 10*h + 2. Calculate s(-5).
2
Let r(d) = d**3 - 8*d**2 - d + 19. What is r(7)?
-37
Let l(c) = c**2 + 27*c - 6. What is l(-24)?
-78
Let t(v) = -v**2 - 10*v + 14. What is t(-11)?
3
Let o(u) = u**2 + 11*u + 9. What is o(-5)?
-21
Let p(a) = 6*a + 9. What is p(-8)?
-39
Let p(t) = 13*t - 50. Determine p(5).
15
Let d(l) = -l - 43. Give d(-13).
-30
Let b(z) = -z**3 + 16*z**2 - 16*z + 22. Give b(15).
7
Let s(c) = c**2 - 6*c + 3. Give s(7).
10
Let h(w) = w**3 + 16*w**2 - w - 12. Determine h(-16).
4
Let t(c) = c**2 - c - 2. Give t(3).
4
Let b(t) = 2*t**2 + 4*t - 8. Give b(-4).
8
Let s(i) = 2*i**2 - 83*i + 50. What is s(41)?
9
Let q(h) = h**3 - 5*h**2 - h + 16. Determine q(4).
-4
Let r(w) = -2*w - 13. Give r(-1).
-11
Let z(o) = -111*o**2 - 1. What is z(-1)?
-112
Let f(m) = -106*m + 110. Determine f(1).
4
Let r(g) = 10*g + 38. Determine r(-5).
-12
Let b(q) = 19*q + 26. Calculate b(-1).
7
Let x(j) = -j**3 + 14*j**2 - 47*j + 22. What is x(9)?
4
Let a(c) = -c**3. Calculate a(2).
-8
Let u(s) = -s**2 + 21*s + 129. Determine u(-5).
-1
Let d(r) = 7*r + 64. Determine d(-7).
15
Let f(h) = h**3 + 19*h**2 - 20*h - 3. What is f(-20)?
-3
Let j(f) = f**3 + 33*f**2 - 72*f - 65. Give j(-35).
5
Let v(c) = -c**3 + 14*c**2 - c + 13. Give v(14).
-1
Let h(x) = -x**2 - 6*x + 22. Give h(-8).
6
Let z(v) = -v**3 + v**2 + v - 26. Give z(0).
-26
Let w(u) = -u**3 - u**2 + u - 2. Give w(1).
-3
Let l(q) = 2*q + 20. Determine l(-8).
4
Let g(n) = n**3 + 10*n**2 + 5*n + 41. What is g(-10)?
-9
Let n(z) = -z**2 - 18*z + 2. Determine n(-17).
19
Let z(t) = 43*t - 14. Determine z(3).
115
Let c(y) = 46*y + 9. Give c(-1).
-37
Let t(c) = -c**3 + 20*c**2 + 22*c - 49. What is t(21)?
-28
Let v(h) = -105*h - 1049. What is v(-10)?
1
Let i(c) = c**3 - 10*c**2 + 14*c - 146. Calculate i(10).
-6
Let c(v) = v**2 - 15*v + 15. What is c(13)?
-11
Let v(g) = 10*g**3 + 3*g**2 - 26*g + 24. Determine v(1).
11
Let m(f) = 79*f**2 - 4*f - 5. What is m(-1)?
78
Let m(i) = i**2 + 50*i + 43. Calculate m(-49).
-6
Let q(r) = r - 2. Give q(13).
11
Let m(f) = f**2 + f - 61. Determine m(-8).
-5
Let i(n) = -2*n + 34. Determine i(13).
8
Let z(c) = c**3 + 3*c**2 - 26*c - 91. What is z(-4)?
-3
Let l(i) = -i**2 - i + 5. Determine l(-4).
-7
Let s(p) = -3*p + 1. What is s(8)?
-23
Let k(x) = -10*x**3 - 1. Give k(-1).
9
Let q(z) = -z**2 + 24*z + 207. Determine q(31).
-10
Let g(t) = -2*t**2 - 2*t + 8. Determine g(2).
-4
Let a(j) = j**2 - 4*j - 7. Give a(6).
5
Let t(o) = -45*o - 31. Give t(-1).
14
Let d(w) = w**2 + 8*w - 13. Give d(-10).
7
Let f(p) = 9*p**2 - 4*p - 3. What is f(-2)?
41
Let h(j) = j**2 - 3*j - 5. Calculate h(-2).
5
Let b(y) = -y**3 + 12*y**2 + 18*y - 10. Calculate b(13).
55
Let x(c) = 2*c**3 + c**2 + 3*c + 1. Calculate x(-2).
-17
Let v(s) = 2*s**3 + 5*s**2 - s - 4. Give v(-3).
-10
Let y(u) = u + 4. Give y(12).
16
Let g(y) = 3*y**3 + y**2 - y. Give g(1).
3
Let s(i) = -7*i + 8. What is s(-2)?
22
Let z(v) = -v**3 - 3*v**2 - 4*v - 13. Calculate z(-4).
19
Let d(c) = 4*c + 3. What is d(-1)?
-1
Let z(l) = 3*l + 24. Determine z(7).
45
Let i(y) = -2*y**2 - 7*y + 19. Determine i(-6).
-11
Let q(n) = n**3 + 9*n**2 - 11*n + 10. Calculate q(-10).
20
Let f(g) 